f (0 - 22)*(x - 0).
2, 11
Suppose 6*r - 5*r = -w + 12, 0 = -3*w - r + 38. Suppose 2*o + 1232 = w*o. What are the prime factors of o?
2, 7
Suppose y - 81 = -2*y. Suppose -8 + 19 = 3*s + d, -21 = -s + 4*d. Suppose -y = 2*o - s*o. What are the prime factors of o?
3
Let p be 1/2 + 4/8. Let v(j) = 3*j**2 + 4*j - 2. Let m be v(p). Suppose -93 = -4*h + 2*h - m*d, -6 = -2*d. List the prime factors of h.
3, 13
Let k(d) = -d**3 - 2*d**2 + 4*d + 7. Let j be k(-3). Suppose 3*a + l = 286, -j*a - 6*l + 368 = -2*l. List the prime factors of a.
97
Let v be 0 + -2 - 2 - 422/(-2). Suppose p - 215 = 3*q, 4*p = 5*p + q - v. List the prime factors of p.
11, 19
Let t = 6 - 4. Let r(w) = 5*w - 4*w**2 - 4 + 5*w**2 - 2*w**2 + t*w**2. What are the prime factors of r(-7)?
2, 5
Suppose -3*u - a = -597 - 1106, a = -u + 565. List the prime factors of u.
569
Suppose -2*c - 5*c + 70 = 0. Suppose 0 = c*m - 14*m + 756. What are the prime factors of m?
3, 7
Let b be 8/(-20) + 66/15. Suppose b*w - w = 414. What are the prime factors of w?
2, 3, 23
Suppose -8*k + 6*k = -4*v + 2022, -5*k + 2057 = 4*v. List the prime factors of v.
2, 127
Let r = 4737 - 3278. List the prime factors of r.
1459
Let j(f) = 195*f + 311. List the prime factors of j(7).
2, 419
Let d(n) = -215*n - 1. Let w be d(-1). Let q = -125 + w. What are the prime factors of q?
89
Let b(i) = -2*i**2 + i. Let h be b(0). Suppose 5*v + 300 = 3*f, 3*f + h*f - 2*v = 300. List the prime factors of f.
2, 5
Let i(d) be the second derivative of d**5/20 + 5*d**4/12 - 7*d**3/6 - 2*d**2 + 5*d. Let o be i(-6). Suppose 3*y - 15 = o*y. What are the prime factors of y?
3, 5
Suppose 2*y - 39 - 5 = 0. Suppose 0 = 3*t - 5*t + 8. Suppose -t*x + y = -14. List the prime factors of x.
3
Suppose -2840 = -4*d + 1480. What are the prime factors of d?
2, 3, 5
Let f(i) = -i**3 + 19*i**2 + 6*i + 57. List the prime factors of f(15).
3, 349
Let n be (-6)/4*4/(-2). Suppose 36 = n*g - 54. What are the prime factors of g?
2, 3, 5
Let i(c) = -c**3 + 22*c**2 - 30*c + 77. What are the prime factors of i(9)?
2, 5, 43
Suppose -14*q + 30 = -9*q. What are the prime factors of 261/q*(-14)/(-21)?
29
Suppose -12 = 2*j - 2, v - j - 5 = 0. Suppose v = -3*w - 2*w + 575. What are the prime factors of w?
5, 23
Suppose 2000 = 9*k - 3256. List the prime factors of k.
2, 73
Let c = -35 - -18. Let y(r) = -r**3 - 17*r**2 - 4*r - 8. What are the prime factors of y(c)?
2, 3, 5
Suppose 2*i - 111 = -37. Let n = -16 + i. List the prime factors of n.
3, 7
Let a(q) = -16*q + 129. List the prime factors of a(-20).
449
Suppose i = -3*m + 34, -4*m + 2*i = 3*i - 44. Suppose 5*h - m = 20. List the prime factors of 74/h + (-11)/33.
2, 3
Suppose 16*y - 10*y = 1722. What are the prime factors of y?
7, 41
Let b(r) = -r**3 + 2*r**2 - 3*r + 4. Let f be b(2). What are the prime factors of (24 - f) + (-6 - -2)?
2, 11
Let l = -834 + 3616. List the prime factors of l.
2, 13, 107
Suppose 3*q - 12 = -3*y - 0*q, -y = -5*q + 20. Suppose y = 11*j - 3*j - 464. List the prime factors of j.
2, 29
Let d(k) = 9*k**2 - 33*k + 21. List the prime factors of d(9).
3, 151
Let i = 44 + -48. What are the prime factors of (-32)/i - (-4 - -3)?
3
Suppose 3*m = 5*i + 1650, 5*i = m + 1110 - 2760. Let v be 242/15 - (-44)/i. Suppose 47 = -15*a + v*a. What are the prime factors of a?
47
Suppose -34*p + 38*p - 6516 = -5*a, a + 2*p - 1308 = 0. List the prime factors of a.
2, 5, 13
Suppose -2*y - 38 = -2*z, 25 - 115 = 4*y + 3*z. Let n = -21 - y. Suppose -5*k = -n*c + 3*c - 112, -3*c = -2*k + 28. What are the prime factors of k?
2, 5
Suppose 9*r = 13*r - 1708. List the prime factors of r.
7, 61
Let l(g) = -g**2 - 5*g - 7. Let f be l(-6). Let x(b) = b**3 + 12*b**2 - 19*b + 6. What are the prime factors of x(f)?
2, 3, 7
Let k = 2568 - 1532. List the prime factors of k.
2, 7, 37
Let k(w) = -2*w**3 - 18*w**2 - 2*w - 18. Let v be k(-9). Suppose -5*y = -3*a + 312, 520 = 5*a - v*a + 5*y. What are the prime factors of a?
2, 13
List the prime factors of (-96)/5*(-8800)/165.
2
List the prime factors of (-60 - 0)/(((-117)/(-48))/(-13)).
2, 5
List the prime factors of 3321*3/(3 + 0).
3, 41
Suppose -4*i + 32 = 4*y, 6*y = 2*y + 4*i - 8. Suppose -f + 0*c = -4*c - 41, 4*f = -y*c + 69. List the prime factors of 217/3 - 7/f.
2, 3
Let l(c) be the second derivative of 11*c + 1/12*c**4 - c**3 + 3/2*c**2 + 0. List the prime factors of l(7).
2, 5
Let h = 4 - -9. Suppose -t - h = -17. Suppose -73 = t*a - 361. What are the prime factors of a?
2, 3
Let c = -60 - -71. Suppose 14*q - 582 = c*q. What are the prime factors of q?
2, 97
Suppose -z + 10 = 5*v, -4*v + 5*z - 4*z + 17 = 0. Let k(t) = 3*t**3 + 2*t - 1. What are the prime factors of k(v)?
2, 43
Let s(u) = -37*u**2 - 2*u + 1. Let a(v) = -38*v**2 - 2*v + 1. Let g(d) = -6*a(d) + 5*s(d). Suppose p + 7 = 8. What are the prime factors of g(p)?
2, 11
Let i(q) = 33*q**2 + 40*q + 171. What are the prime factors of i(-11)?
2, 7, 19
Suppose 0 = 678*k - 673*k - 1285. List the prime factors of k.
257
Let k(h) = h + 21. Let s(n) = n**2 - 9*n + 11. Let l(i) = i**3 - 3*i**2 + 5. Let d be l(3). Let o be s(d). What are the prime factors of k(o)?
2, 3
List the prime factors of (-4)/12 + 985/3.
2, 41
Let y(k) = -k. Suppose -2*x = 3*x. Let j be y(x). Suppose 4*a + 4*b = 64, 74 = 4*a - b - j*b. List the prime factors of a.
2, 3
Let f = 531 + -332. Let b = -140 + f. What are the prime factors of b?
59
Suppose -o = -6*o + 20. Suppose o*s = 8*s - 8. Suppose -p = -2*x - 53, -p - 2*p + 151 = -s*x. What are the prime factors of p?
7
Let y be 1*0/(1 + -3). Suppose -3*r + 2*b = 1, 4*b + y + 8 = -4*r. Let d = r - -20. What are the prime factors of d?
19
Suppose 979 = -7*t - 638. Let d = 323 + t. What are the prime factors of d?
2, 23
Let f be 219/(7/(70/15)). Let m = f - -18. What are the prime factors of m?
2, 41
Suppose -5*u - 314 = 3*t, 2*u = 6*u + 3*t + 250. List the prime factors of (1/(8/26))/((-2)/u).
2, 13
Suppose 4*q + 1096 = 8*q. Suppose 0 = -5*o + 3*l + q, 2*l + 206 = 4*o + 4*l. List the prime factors of o.
53
Suppose 0 = 69*i - 111086 - 20842. List the prime factors of i.
2, 239
Suppose 0 = -w - 4*x + 2322, -213*w - x - 4662 = -215*w. What are the prime factors of w?
2, 5, 233
Suppose -4*b + 4500 = 4*f, -3*b - 2*b = 25. What are the prime factors of f?
2, 5, 113
Let c = 14 + -10. Suppose c*t - 85 = -t. Suppose d - t = 3*l, 0 = 4*d + 2*l + l + 7. List the prime factors of d.
2
Let v(f) = -f**3 + 7*f**2 - 8*f + 5. Suppose 3*u = 5*g - 18, -4*u + 0*u = g - 22. Let a be v(g). Let s = a + 14. List the prime factors of s.
7
Let s be (-2)/2*-13 + 4. Let c(t) = -t**3 + 17*t**2 + 2*t - 25. List the prime factors of c(s).
3
Let r = -1946 + 3362. What are the prime factors of r?
2, 3, 59
What are the prime factors of (33 + -2)*(-3 + 28 + 4)?
29, 31
Suppose 70*t = 69*t + 5*l + 533, -3*t + l = -1543. List the prime factors of t.
3, 19
Let m be 10*(-2)/(-6)*(-3 - 9). Let l = 73 + m. What are the prime factors of l?
3, 11
Suppose 4*r - 2*m - 6 = -0*r, -5*m = -2*r - 17. What are the prime factors of 5/(1*r/16)?
2, 5
Suppose 5030 = -30*b + 69590. List the prime factors of b.
2, 269
Let g = -13 + 13. Let p be (1 - g)*3 - 7. List the prime factors of -3 + 23 + 8/p.
2, 3
List the prime factors of (-1)/(-6) - (3922/(-12) - 11).
2, 13
Let w(d) = d - 7. Let a be w(10). Suppose -a*r = -3*g - 4*r - 411, -g = r + 139. Let f = g - -190. What are the prime factors of f?
2, 3
Suppose -7175 = -52*u + 521. What are the prime factors of u?
2, 37
Let q(p) = -51*p - 19*p - 5 - 10. What are the prime factors of q(-2)?
5
Let x = -26 + 45. Let u = 76 + -35. Let r = u - x. What are the prime factors of r?
2, 11
Let v(c) = 4*c**2 + 7*c + 8. Let m(g) = -g**2 - g - 1. Let a(s) = -2*m(s) + v(s). What are the prime factors of a(-4)?
2, 5, 7
Let i be ((2 - 3)*0)/1. Let o = -15 - -16. Suppose i = g - 20 - o. What are the prime factors of g?
3, 7
Suppose -6*m + 66 = 18. List the prime factors of m/12 + 0 - (-318)/9.
2, 3
Let i = -3809 + 6475. List the prime factors of i.
2, 31, 43
Let v be ((-9)/(-6))/(1/2). Suppose -126 = -v*s + 60. List the prime factors of s.
2, 31
Let c(i) = i**2 - 6*i - 3. Let p be c(6). Let o be -1*(6 + p) + 7. Suppose 0 = 5*n + 3*u - 2*u - 26, 0 = -o*u - 16. List the prime factors of n.
2, 3
Let p(d) = d**2. Let y be p(-2). Let